CRAN Package Check Results for Package gWQS

Last updated on 2020-09-22 16:02:29 CEST.

Flavor Version Tinstall Tcheck Ttotal Status Flags
r-devel-linux-x86_64-debian-clang 3.0.0 10.04 103.48 113.52 OK
r-devel-linux-x86_64-debian-gcc 3.0.0 7.01 80.83 87.84 OK
r-devel-linux-x86_64-fedora-clang 3.0.0 147.30 NOTE
r-devel-linux-x86_64-fedora-gcc 3.0.0 139.71 NOTE
r-devel-windows-ix86+x86_64 3.0.0 23.00 111.00 134.00 OK
r-patched-linux-x86_64 3.0.0 9.14 100.71 109.85 OK
r-patched-solaris-x86 3.0.0 193.70 NOTE
r-release-linux-x86_64 3.0.0 9.76 101.16 110.92 OK
r-release-macos-x86_64 3.0.0 NOTE
r-release-windows-ix86+x86_64 3.0.0 23.00 134.00 157.00 OK
r-oldrel-macos-x86_64 3.0.0 NOTE
r-oldrel-windows-ix86+x86_64 3.0.0 15.00 130.00 145.00 OK

Check Details

Version: 3.0.0
Check: dependencies in R code
Result: NOTE
    Namespace in Imports field not imported from: ‘dplyr’
     All declared Imports should be used.
Flavors: r-devel-linux-x86_64-fedora-clang, r-devel-linux-x86_64-fedora-gcc, r-patched-solaris-x86, r-release-macos-x86_64, r-oldrel-macos-x86_64