CRAN Package Check Results for Package fxregime

Last updated on 2021-09-19 03:51:03 CEST.

Flavor Version Tinstall Tcheck Ttotal Status Flags
r-devel-linux-x86_64-debian-clang 1.0-4 7.11 65.77 72.88 OK --no-vignettes
r-devel-linux-x86_64-debian-gcc 1.0-4 5.40 51.62 57.02 OK --no-vignettes
r-devel-linux-x86_64-fedora-clang 1.0-4 819.18 OK
r-devel-linux-x86_64-fedora-gcc 1.0-4 787.33 OK
r-devel-windows-x86_64 1.0-4 9.00 88.00 97.00 OK --no-vignettes
r-devel-windows-x86_64-gcc10-UCRT 1.0-4 ERROR --no-vignettes
r-patched-linux-x86_64 1.0-4 6.41 62.35 68.76 OK --no-vignettes
r-patched-solaris-x86 1.0-4 1122.20 OK
r-release-linux-x86_64 1.0-4 7.27 62.11 69.38 OK --no-vignettes
r-release-macos-arm64 1.0-4 OK
r-release-macos-x86_64 1.0-4 OK
r-release-windows-ix86+x86_64 1.0-4 17.00 60.00 77.00 OK --no-vignettes
r-oldrel-macos-x86_64 1.0-4 OK
r-oldrel-windows-ix86+x86_64 1.0-4 16.00 62.00 78.00 OK --no-vignettes

Check Details

Version: 1.0-4
Flags: --no-vignettes
Check: whether package can be installed
Result: WARN
    Found the following significant warnings:
     WARNING: installation-time patches will not be applied, could not get the patches index
Flavor: r-devel-windows-x86_64-gcc10-UCRT

Version: 1.0-4
Flags: --no-vignettes
Check: PDF version of manual
Result: WARN
    LaTeX errors when creating PDF version.
    This typically indicates Rd problems.
Flavor: r-devel-windows-x86_64-gcc10-UCRT

Version: 1.0-4
Flags: --no-vignettes
Check: PDF version of manual without hyperrefs or index
Result: ERROR
    Re-running with no redirection of stdout/stderr.
Flavor: r-devel-windows-x86_64-gcc10-UCRT