CRAN Package Check Results for Package fxregime

Last updated on 2020-09-22 03:49:23 CEST.

Flavor Version Tinstall Tcheck Ttotal Status Flags
r-devel-linux-x86_64-debian-clang 1.0-4 6.62 58.77 65.39 OK --no-vignettes
r-devel-linux-x86_64-debian-gcc 1.0-4 0.35 1.96 2.31 ERROR --no-vignettes
r-devel-linux-x86_64-fedora-clang 1.0-4 815.76 OK
r-devel-linux-x86_64-fedora-gcc 1.0-4 780.12 OK
r-devel-windows-ix86+x86_64 1.0-4 16.00 89.00 105.00 OK --no-vignettes
r-patched-linux-x86_64 1.0-4 7.15 57.45 64.60 OK --no-vignettes
r-patched-solaris-x86 1.0-4 1128.00 OK
r-release-linux-x86_64 1.0-4 6.78 57.59 64.37 OK --no-vignettes
r-release-macos-x86_64 1.0-4 OK
r-release-windows-ix86+x86_64 1.0-4 15.00 63.00 78.00 OK --no-vignettes
r-oldrel-macos-x86_64 1.0-4 OK
r-oldrel-windows-ix86+x86_64 1.0-4 9.00 77.00 86.00 OK --no-vignettes

Check Details

Version: 1.0-4
Flags: --no-vignettes
Check: whether package can be installed
Result: ERROR
    Installation failed.
Flavor: r-devel-linux-x86_64-debian-gcc