CRAN Package Check Results for Package fwi.fbp

Last updated on 2021-09-19 03:51:03 CEST.

Flavor Version Tinstall Tcheck Ttotal Status Flags
r-devel-linux-x86_64-debian-clang 1.7 4.17 31.45 35.62 OK
r-devel-linux-x86_64-debian-gcc 1.7 3.43 24.19 27.62 OK
r-devel-linux-x86_64-fedora-clang 1.7 51.75 NOTE
r-devel-linux-x86_64-fedora-gcc 1.7 40.60 OK
r-devel-windows-x86_64 1.7 6.00 43.00 49.00 OK
r-devel-windows-x86_64-gcc10-UCRT 1.7 ERROR
r-patched-linux-x86_64 1.7 5.19 30.88 36.07 OK
r-patched-solaris-x86 1.7 56.70 OK
r-release-linux-x86_64 1.7 3.65 30.48 34.13 OK
r-release-macos-arm64 1.7 OK
r-release-macos-x86_64 1.7 OK
r-release-windows-ix86+x86_64 1.7 8.00 37.00 45.00 OK
r-oldrel-macos-x86_64 1.7 OK
r-oldrel-windows-ix86+x86_64 1.7 6.00 35.00 41.00 OK

Check Details

Version: 1.7
Check: Rd cross-references
Result: NOTE
    Undeclared package ‘cffdrs’ in Rd xrefs
Flavor: r-devel-linux-x86_64-fedora-clang

Version: 1.7
Check: whether package can be installed
Result: WARN
    Found the following significant warnings:
     WARNING: installation-time patches will not be applied, could not get the patches index
Flavor: r-devel-windows-x86_64-gcc10-UCRT

Version: 1.7
Check: PDF version of manual
Result: WARN
    LaTeX errors when creating PDF version.
    This typically indicates Rd problems.
Flavor: r-devel-windows-x86_64-gcc10-UCRT

Version: 1.7
Check: PDF version of manual without hyperrefs or index
Result: ERROR
    Re-running with no redirection of stdout/stderr.
Flavor: r-devel-windows-x86_64-gcc10-UCRT