CRAN Package Check Results for Package fwi.fbp

Last updated on 2020-09-22 16:02:28 CEST.

Flavor Version Tinstall Tcheck Ttotal Status Flags
r-devel-linux-x86_64-debian-clang 1.7 4.57 27.73 32.30 OK
r-devel-linux-x86_64-debian-gcc 1.7 3.44 22.33 25.77 OK
r-devel-linux-x86_64-fedora-clang 1.7 49.46 NOTE
r-devel-linux-x86_64-fedora-gcc 1.7 40.08 OK
r-devel-windows-ix86+x86_64 1.7 7.00 34.00 41.00 OK
r-patched-linux-x86_64 1.7 3.41 27.99 31.40 OK
r-patched-solaris-x86 1.7 57.10 OK
r-release-linux-x86_64 1.7 4.22 28.53 32.75 OK
r-release-macos-x86_64 1.7 OK
r-release-windows-ix86+x86_64 1.7 8.00 39.00 47.00 OK
r-oldrel-macos-x86_64 1.7 OK
r-oldrel-windows-ix86+x86_64 1.7 8.00 53.00 61.00 OK

Check Details

Version: 1.7
Check: Rd cross-references
Result: NOTE
    Undeclared package ‘cffdrs’ in Rd xrefs
Flavor: r-devel-linux-x86_64-fedora-clang