CRAN Package Check Results for Package fuzzyjoin

Last updated on 2022-08-08 03:55:42 CEST.

Flavor Version Tinstall Tcheck Ttotal Status Flags
r-devel-linux-x86_64-debian-clang 0.1.6 5.93 171.34 177.27 OK
r-devel-linux-x86_64-debian-gcc 0.1.6 3.82 118.91 122.73 OK
r-devel-linux-x86_64-fedora-clang 0.1.6 207.78 OK
r-devel-linux-x86_64-fedora-gcc 0.1.6 197.85 OK
r-devel-windows-x86_64 0.1.6 27.00 190.00 217.00 OK
r-patched-linux-x86_64 0.1.6 8.98 148.85 157.83 OK
r-release-linux-x86_64 0.1.6 OK
r-release-macos-arm64 0.1.6 74.00 NOTE
r-release-macos-x86_64 0.1.6 133.00 OK
r-release-windows-x86_64 0.1.6 26.00 195.00 221.00 OK
r-oldrel-macos-arm64 0.1.6 65.00 OK
r-oldrel-macos-x86_64 0.1.6 82.00 OK
r-oldrel-windows-ix86+x86_64 0.1.6 14.00 167.00 181.00 OK

Check Details

Version: 0.1.6
Check: package dependencies
Result: NOTE
    Package suggested but not available for checking: ‘IRanges’
Flavor: r-release-macos-arm64

Version: 0.1.6
Check: Rd cross-references
Result: NOTE
    Package unavailable to check Rd xrefs: ‘IRanges’
Flavor: r-release-macos-arm64