CRAN Package Check Results for Package fuzzyforest

Last updated on 2022-01-19 04:48:24 CET.

Flavor Version Tinstall Tcheck Ttotal Status Flags
r-devel-linux-x86_64-debian-clang 1.0.8 5.56 198.90 204.46 OK
r-devel-linux-x86_64-debian-gcc 1.0.8 5.03 151.97 157.00 OK
r-devel-linux-x86_64-fedora-clang 1.0.8 244.52 OK
r-devel-linux-x86_64-fedora-gcc 1.0.8 231.04 OK
r-devel-windows-x86_64-new-UL 1.0.8 84.00 208.00 292.00 OK
r-devel-windows-x86_64-new-TK 1.0.8 OK
r-patched-linux-x86_64 1.0.8 4.12 196.31 200.43 OK
r-release-linux-x86_64 1.0.8 OK
r-release-macos-arm64 1.0.8 NOTE
r-release-macos-x86_64 1.0.8 NOTE
r-release-windows-ix86+x86_64 1.0.8 52.00 214.00 266.00 OK
r-oldrel-macos-x86_64 1.0.8 OK
r-oldrel-windows-ix86+x86_64 1.0.8 44.00 181.00 225.00 OK

Check Details

Version: 1.0.8
Check: package dependencies
Result: NOTE
    Package suggested but not available for checking: ‘WGCNA’
Flavors: r-release-macos-arm64, r-release-macos-x86_64