CRAN Package Check Results for Package futureheatwaves

Last updated on 2020-09-23 16:38:41 CEST.

Flavor Version Tinstall Tcheck Ttotal Status Flags
r-devel-linux-x86_64-debian-clang 1.0.3 22.73 64.91 87.64 OK
r-devel-linux-x86_64-debian-gcc 1.0.3 16.69 48.87 65.56 OK
r-devel-linux-x86_64-fedora-clang 1.0.3 116.15 NOTE
r-devel-linux-x86_64-fedora-gcc 1.0.3 105.00 NOTE
r-devel-windows-ix86+x86_64 1.0.3 54.00 125.00 179.00 NOTE
r-patched-linux-x86_64 1.0.3 18.92 60.51 79.43 OK
r-patched-solaris-x86 1.0.3 132.50 WARN
r-release-linux-x86_64 1.0.3 16.68 62.21 78.89 OK
r-release-macos-x86_64 1.0.3 WARN
r-release-windows-ix86+x86_64 1.0.3 53.00 124.00 177.00 NOTE
r-oldrel-macos-x86_64 1.0.3 WARN
r-oldrel-windows-ix86+x86_64 1.0.3 34.00 116.00 150.00 NOTE

Check Details

Version: 1.0.3
Check: compiled code
Result: NOTE
    File ‘futureheatwaves/libs/futureheatwaves.so’:
     Found no calls to: ‘R_registerRoutines’, ‘R_useDynamicSymbols’
    
    It is good practice to register native routines and to disable symbol
    search.
    
    See ‘Writing portable packages’ in the ‘Writing R Extensions’ manual.
Flavors: r-devel-linux-x86_64-fedora-clang, r-devel-linux-x86_64-fedora-gcc

Version: 1.0.3
Check: installed package size
Result: NOTE
     installed size is 5.6Mb
     sub-directories of 1Mb or more:
     doc 1.8Mb
     extdata 1.5Mb
     libs 2.0Mb
Flavors: r-devel-windows-ix86+x86_64, r-release-windows-ix86+x86_64, r-oldrel-windows-ix86+x86_64

Version: 1.0.3
Check: re-building of vignette outputs
Result: WARN
    Error(s) in re-building vignettes:
     ...
    --- re-building ‘futureheatwaves.Rmd’ using rmarkdown
    Warning in engine$weave(file, quiet = quiet, encoding = enc) :
     Pandoc (>= 1.12.3) and/or pandoc-citeproc not available. Falling back to R Markdown v1.
    Quitting from lines 604-605 (futureheatwaves.Rmd)
    Error: processing vignette 'futureheatwaves.Rmd' failed with diagnostics:
    there is no package called 'webshot'
    --- failed re-building ‘futureheatwaves.Rmd’
    
    --- re-building ‘starting_from_netcdf.Rmd’ using rmarkdown
    Warning in engine$weave(file, quiet = quiet, encoding = enc) :
     Pandoc (>= 1.12.3) and/or pandoc-citeproc not available. Falling back to R Markdown v1.
    --- finished re-building ‘starting_from_netcdf.Rmd’
    
    SUMMARY: processing the following file failed:
     ‘futureheatwaves.Rmd’
    
    Error: Vignette re-building failed.
    Execution halted
Flavor: r-patched-solaris-x86

Version: 1.0.3
Check: re-building of vignette outputs
Result: WARN
    Error(s) in re-building vignettes:
     ...
    --- re-building ‘futureheatwaves.Rmd’ using rmarkdown
    Warning in engine$weave(file, quiet = quiet, encoding = enc) :
     Pandoc (>= 1.12.3) and/or pandoc-citeproc not available. Falling back to R Markdown v1.
    Quitting from lines 604-605 (futureheatwaves.Rmd)
    Error: processing vignette 'futureheatwaves.Rmd' failed with diagnostics:
    cannot open the connection
    --- failed re-building ‘futureheatwaves.Rmd’
    
    --- re-building ‘starting_from_netcdf.Rmd’ using rmarkdown
    Warning in engine$weave(file, quiet = quiet, encoding = enc) :
     Pandoc (>= 1.12.3) and/or pandoc-citeproc not available. Falling back to R Markdown v1.
    --- finished re-building ‘starting_from_netcdf.Rmd’
    
    SUMMARY: processing the following file failed:
     ‘futureheatwaves.Rmd’
    
    Error: Vignette re-building failed.
    Execution halted
Flavors: r-release-macos-x86_64, r-oldrel-macos-x86_64