Last updated on 2022-08-13 04:57:48 CEST.
Flavor | Version | Tinstall | Tcheck | Ttotal | Status | Flags |
---|---|---|---|---|---|---|
r-devel-linux-x86_64-debian-clang | 1.4.1 | 2.58 | 70.60 | 73.18 | NOTE | |
r-devel-linux-x86_64-debian-gcc | 1.4.1 | 2.36 | 51.99 | 54.35 | NOTE | |
r-devel-linux-x86_64-fedora-clang | 1.4.1 | 93.58 | NOTE | |||
r-devel-linux-x86_64-fedora-gcc | 1.4.1 | 92.65 | NOTE | |||
r-devel-windows-x86_64 | 1.4.1 | 15.00 | 117.00 | 132.00 | NOTE | |
r-patched-linux-x86_64 | 1.4.1 | 4.05 | 65.65 | 69.70 | NOTE | |
r-release-linux-x86_64 | 1.4.1 | 3.06 | 65.09 | 68.15 | NOTE | |
r-release-macos-arm64 | 1.4.1 | 34.00 | NOTE | |||
r-release-macos-x86_64 | 1.4.1 | 44.00 | NOTE | |||
r-release-windows-x86_64 | 1.4.1 | 22.00 | 116.00 | 138.00 | NOTE | |
r-oldrel-macos-arm64 | 1.4.1 | 45.00 | NOTE | |||
r-oldrel-macos-x86_64 | 1.4.1 | 68.00 | NOTE | |||
r-oldrel-windows-ix86+x86_64 | 1.4.1 | 7.00 | 105.00 | 112.00 | NOTE |
Version: 1.4.1
Check: LazyData
Result: NOTE
'LazyData' is specified without a 'data' directory
Flavors: r-devel-linux-x86_64-debian-clang, r-devel-linux-x86_64-debian-gcc, r-devel-linux-x86_64-fedora-clang, r-devel-linux-x86_64-fedora-gcc, r-devel-windows-x86_64, r-patched-linux-x86_64, r-release-linux-x86_64, r-release-macos-arm64, r-release-macos-x86_64, r-release-windows-x86_64, r-oldrel-macos-arm64, r-oldrel-macos-x86_64, r-oldrel-windows-ix86+x86_64