CRAN Package Check Results for Package fullfact

Last updated on 2021-09-19 03:51:03 CEST.

Flavor Version Tinstall Tcheck Ttotal Status Flags
r-devel-linux-x86_64-debian-clang 1.5 21.75 336.74 358.49 OK
r-devel-linux-x86_64-debian-gcc 1.5 17.67 258.84 276.51 OK
r-devel-linux-x86_64-fedora-clang 1.5 428.89 OK
r-devel-linux-x86_64-fedora-gcc 1.5 420.63 OK
r-devel-windows-x86_64 1.5 26.00 405.00 431.00 OK
r-devel-windows-x86_64-gcc10-UCRT 1.5 ERROR
r-patched-linux-x86_64 1.5 22.61 334.44 357.05 OK
r-patched-solaris-x86 1.5 577.10 OK
r-release-linux-x86_64 1.5 17.66 335.48 353.14 OK
r-release-macos-arm64 1.5 OK
r-release-macos-x86_64 1.5 OK
r-release-windows-ix86+x86_64 1.5 50.00 300.00 350.00 OK
r-oldrel-macos-x86_64 1.5 OK
r-oldrel-windows-ix86+x86_64 1.5 44.00 420.00 464.00 OK

Check Details

Version: 1.5
Check: whether package can be installed
Result: WARN
    Found the following significant warnings:
     WARNING: installation-time patches will not be applied, could not get the patches index
Flavor: r-devel-windows-x86_64-gcc10-UCRT

Version: 1.5
Check: PDF version of manual
Result: WARN
    LaTeX errors when creating PDF version.
    This typically indicates Rd problems.
Flavor: r-devel-windows-x86_64-gcc10-UCRT

Version: 1.5
Check: PDF version of manual without hyperrefs or index
Result: ERROR
    Re-running with no redirection of stdout/stderr.
Flavor: r-devel-windows-x86_64-gcc10-UCRT