CRAN Package Check Results for Package ftDK

Last updated on 2024-07-22 03:49:16 CEST.

Flavor Version Tinstall Tcheck Ttotal Status Flags
r-devel-linux-x86_64-debian-clang 1.0 1.79 21.83 23.62 OK
r-devel-linux-x86_64-debian-gcc 1.0 1.64 16.73 18.37 OK
r-devel-linux-x86_64-fedora-clang 1.0 31.17 NOTE
r-devel-linux-x86_64-fedora-gcc 1.0 28.76 NOTE
r-devel-windows-x86_64 1.0 4.00 39.00 43.00 OK
r-patched-linux-x86_64 1.0 2.06 20.58 22.64 OK
r-release-linux-x86_64 1.0 2.05 20.96 23.01 OK
r-release-macos-arm64 1.0 14.00 OK
r-release-macos-x86_64 1.0 20.00 OK
r-release-windows-x86_64 1.0 3.00 39.00 42.00 OK
r-oldrel-macos-arm64 1.0 15.00 OK
r-oldrel-macos-x86_64 1.0 20.00 OK
r-oldrel-windows-x86_64 1.0 4.00 40.00 44.00 OK

Check Details

Version: 1.0
Check: data for non-ASCII characters
Result: NOTE Note: found 39 marked UTF-8 strings Flavors: r-devel-linux-x86_64-fedora-clang, r-devel-linux-x86_64-fedora-gcc