CRAN Package Check Results for Package fsdaR

Last updated on 2020-11-28 03:52:35 CET.

Flavor Version Tinstall Tcheck Ttotal Status Flags
r-devel-linux-x86_64-debian-clang 0.4-9 12.44 89.99 102.43 OK
r-devel-linux-x86_64-debian-gcc 0.4-9 10.30 68.50 78.80 OK
r-devel-linux-x86_64-fedora-clang 0.4-9 127.77 OK
r-devel-linux-x86_64-fedora-gcc 0.4-9 119.73 OK
r-devel-windows-ix86+x86_64 0.4-9 25.00 103.00 128.00 OK
r-patched-linux-x86_64 0.4-9 11.88 82.64 94.52 OK
r-release-linux-x86_64 0.4-9 11.32 82.50 93.82 OK
r-release-macos-x86_64 0.4-9 OK
r-release-windows-ix86+x86_64 0.4-9 19.00 86.00 105.00 OK
r-oldrel-macos-x86_64 0.4-9 OK
r-oldrel-windows-ix86+x86_64 0.4-9 13.00 6.00 19.00 ERROR

Check Details

Version: 0.4-9
Check: whether package can be installed
Result: ERROR
    Installation failed.
Flavor: r-oldrel-windows-ix86+x86_64