CRAN Package Check Results for Package fs

Last updated on 2020-12-03 03:49:55 CET.

Flavor Version Tinstall Tcheck Ttotal Status Flags
r-devel-linux-x86_64-debian-clang 1.5.0 60.32 44.76 105.08 NOTE
r-devel-linux-x86_64-debian-gcc 1.5.0 42.69 38.92 81.61 NOTE
r-devel-linux-x86_64-fedora-clang 1.5.0 152.10 NOTE
r-devel-linux-x86_64-fedora-gcc 1.5.0 146.56 NOTE
r-devel-windows-ix86+x86_64 1.5.0 155.00 84.00 239.00 NOTE
r-patched-linux-x86_64 1.5.0 50.24 47.17 97.41 NOTE
r-patched-solaris-x86 1.5.0 122.20 NOTE
r-release-linux-x86_64 1.5.0 49.84 48.45 98.29 NOTE
r-release-macos-x86_64 1.5.0 NOTE
r-release-windows-ix86+x86_64 1.5.0 122.00 67.00 189.00 NOTE
r-oldrel-macos-x86_64 1.5.0 NOTE
r-oldrel-windows-ix86+x86_64 1.5.0 101.00 86.00 187.00 NOTE

Check Details

Version: 1.5.0
Check: for GNU extensions in Makefiles
Result: NOTE
    GNU make is a SystemRequirements.
Flavors: r-devel-linux-x86_64-debian-clang, r-devel-linux-x86_64-debian-gcc, r-devel-linux-x86_64-fedora-clang, r-devel-linux-x86_64-fedora-gcc, r-devel-windows-ix86+x86_64, r-patched-linux-x86_64, r-patched-solaris-x86, r-release-linux-x86_64, r-release-macos-x86_64, r-release-windows-ix86+x86_64, r-oldrel-macos-x86_64, r-oldrel-windows-ix86+x86_64