CRAN Package Check Results for Package fresh

Last updated on 2022-10-06 03:58:28 CEST.

Flavor Version Tinstall Tcheck Ttotal Status Flags
r-devel-linux-x86_64-debian-clang 0.2.0 7.01 65.11 72.12 NOTE
r-devel-linux-x86_64-debian-gcc 0.2.0 5.87 51.56 57.43 NOTE
r-devel-linux-x86_64-fedora-clang 0.2.0 105.09 NOTE
r-devel-linux-x86_64-fedora-gcc 0.2.0 95.88 NOTE
r-devel-windows-x86_64 0.2.0 682.00 125.00 807.00 NOTE
r-patched-linux-x86_64 0.2.0 6.45 62.09 68.54 NOTE
r-release-linux-x86_64 0.2.0 5.90 62.19 68.09 NOTE
r-release-macos-arm64 0.2.0 31.00 NOTE
r-release-macos-x86_64 0.2.0 47.00 NOTE
r-release-windows-x86_64 0.2.0 708.00 123.00 831.00 NOTE
r-oldrel-macos-arm64 0.2.0 37.00 NOTE
r-oldrel-macos-x86_64 0.2.0 58.00 NOTE
r-oldrel-windows-ix86+x86_64 0.2.0 21.00 105.00 126.00 NOTE

Check Details

Version: 0.2.0
Check: LazyData
Result: NOTE
     'LazyData' is specified without a 'data' directory
Flavors: r-devel-linux-x86_64-debian-clang, r-devel-linux-x86_64-debian-gcc, r-devel-linux-x86_64-fedora-clang, r-devel-linux-x86_64-fedora-gcc, r-devel-windows-x86_64, r-patched-linux-x86_64, r-release-linux-x86_64, r-release-macos-arm64, r-release-macos-x86_64, r-release-windows-x86_64, r-oldrel-macos-arm64, r-oldrel-macos-x86_64, r-oldrel-windows-ix86+x86_64