CRAN Package Check Results for Package freetypeharfbuzz

Last updated on 2020-09-18 15:52:46 CEST.

Flavor Version Tinstall Tcheck Ttotal Status Flags
r-devel-linux-x86_64-debian-clang 0.2.5 181.35 20.74 202.09 OK
r-devel-linux-x86_64-debian-gcc 0.2.5 119.62 16.26 135.88 OK
r-devel-linux-x86_64-fedora-clang 0.2.5 284.92 NOTE
r-devel-linux-x86_64-fedora-gcc 0.2.5 234.65 NOTE
r-devel-windows-ix86+x86_64 0.2.5 18.00 42.00 60.00 OK
r-patched-linux-x86_64 0.2.5 134.62 20.32 154.94 OK
r-patched-solaris-x86 0.2.5 276.20 OK
r-release-linux-x86_64 0.2.5 140.17 20.24 160.41 OK
r-release-macos-x86_64 0.2.5 NOTE
r-release-windows-ix86+x86_64 0.2.5 17.00 43.00 60.00 OK
r-oldrel-macos-x86_64 0.2.5 NOTE
r-oldrel-windows-ix86+x86_64 0.2.5 13.00 52.00 65.00 OK

Additional issues

clang-UBSAN gcc-UBSAN LTO

Check Details

Version: 0.2.5
Check: installed package size
Result: NOTE
     installed size is 6.8Mb
     sub-directories of 1Mb or more:
     libs 6.7Mb
Flavors: r-devel-linux-x86_64-fedora-clang, r-release-macos-x86_64, r-oldrel-macos-x86_64

Version: 0.2.5
Check: for GNU extensions in Makefiles
Result: NOTE
    GNU make is a SystemRequirements.
Flavors: r-devel-linux-x86_64-fedora-clang, r-devel-linux-x86_64-fedora-gcc