CRAN Package Check Results for Package fredr

Last updated on 2022-08-09 15:56:14 CEST.

Flavor Version Tinstall Tcheck Ttotal Status Flags
r-devel-linux-x86_64-debian-clang 2.1.0 2.85 62.83 65.68 OK
r-devel-linux-x86_64-debian-gcc 2.1.0 2.93 48.55 51.48 OK
r-devel-linux-x86_64-fedora-clang 2.1.0 86.45 NOTE
r-devel-linux-x86_64-fedora-gcc 2.1.0 84.36 NOTE
r-devel-windows-x86_64 2.1.0 43.00 118.00 161.00 OK
r-patched-linux-x86_64 2.1.0 4.65 58.60 63.25 OK
r-release-linux-x86_64 2.1.0 OK
r-release-macos-arm64 2.1.0 34.00 NOTE
r-release-macos-x86_64 2.1.0 44.00 NOTE
r-release-windows-x86_64 2.1.0 34.00 117.00 151.00 OK
r-oldrel-macos-arm64 2.1.0 33.00 NOTE
r-oldrel-macos-x86_64 2.1.0 44.00 NOTE
r-oldrel-windows-ix86+x86_64 2.1.0 10.00 77.00 87.00 OK

Check Details

Version: 2.1.0
Check: data for non-ASCII characters
Result: NOTE
     Note: found 1 marked UTF-8 string
Flavors: r-devel-linux-x86_64-fedora-clang, r-devel-linux-x86_64-fedora-gcc, r-release-macos-arm64, r-release-macos-x86_64, r-oldrel-macos-arm64, r-oldrel-macos-x86_64