CRAN Package Check Results for Package frailtypack

Last updated on 2022-08-07 15:55:49 CEST.

Flavor Version Tinstall Tcheck Ttotal Status Flags
r-devel-linux-x86_64-debian-clang 3.5.0 245.84 326.81 572.65 OK
r-devel-linux-x86_64-debian-gcc 3.5.0 249.08 235.05 484.13 OK
r-devel-linux-x86_64-fedora-clang 3.5.0 747.77 NOTE
r-devel-linux-x86_64-fedora-gcc 3.5.0 741.87 OK
r-devel-windows-x86_64 3.5.0 405.00 320.00 725.00 NOTE
r-patched-linux-x86_64 3.5.0 250.88 297.11 547.99 OK
r-release-linux-x86_64 3.5.0 232.18 293.23 525.41 OK
r-release-macos-arm64 3.5.0 294.00 NOTE
r-release-macos-x86_64 3.5.0 306.00 NOTE
r-release-windows-x86_64 3.5.0 400.00 311.00 711.00 NOTE
r-oldrel-macos-arm64 3.5.0 263.00 NOTE
r-oldrel-macos-x86_64 3.5.0 252.00 NOTE
r-oldrel-windows-ix86+x86_64 3.5.0 603.00 381.00 984.00 NOTE

Check Details

Version: 3.5.0
Check: installed package size
Result: NOTE
     installed size is 10.9Mb
     sub-directories of 1Mb or more:
     R 1.2Mb
     help 2.2Mb
     libs 6.5Mb
Flavors: r-devel-linux-x86_64-fedora-clang, r-devel-windows-x86_64, r-release-macos-arm64, r-release-macos-x86_64, r-release-windows-x86_64, r-oldrel-macos-arm64, r-oldrel-macos-x86_64, r-oldrel-windows-ix86+x86_64