CRAN Package Check Results for Package fpow

Last updated on 2024-07-21 03:55:23 CEST.

Flavor Version Tinstall Tcheck Ttotal Status Flags
r-devel-linux-x86_64-debian-clang 0.0-2 2.16 19.33 21.49 OK
r-devel-linux-x86_64-debian-gcc 0.0-2 1.88 15.01 16.89 OK
r-devel-linux-x86_64-fedora-clang 0.0-2 28.66 NOTE
r-devel-linux-x86_64-fedora-gcc 0.0-2 25.87 NOTE
r-devel-windows-x86_64 0.0-2 4.00 43.00 47.00 OK
r-patched-linux-x86_64 0.0-2 2.22 18.12 20.34 OK
r-release-linux-x86_64 0.0-2 1.97 18.59 20.56 OK
r-release-macos-arm64 0.0-2 16.00 OK
r-release-macos-x86_64 0.0-2 26.00 OK
r-release-windows-x86_64 0.0-2 6.00 48.00 54.00 OK
r-oldrel-macos-arm64 0.0-2 19.00 OK
r-oldrel-macos-x86_64 0.0-2 20.00 OK
r-oldrel-windows-x86_64 0.0-2 5.00 38.00 43.00 OK

Check Details

Version: 0.0-2
Check: compiled code
Result: NOTE File ‘fpow/libs/fpow.so’: Found no calls to: ‘R_registerRoutines’, ‘R_useDynamicSymbols’ It is good practice to register native routines and to disable symbol search. See ‘Writing portable packages’ in the ‘Writing R Extensions’ manual. Flavors: r-devel-linux-x86_64-fedora-clang, r-devel-linux-x86_64-fedora-gcc