CRAN Package Check Results for Package fourierin

Last updated on 2022-08-08 15:55:12 CEST.

Flavor Version Tinstall Tcheck Ttotal Status Flags
r-devel-linux-x86_64-debian-clang 0.2.4 81.05 83.18 164.23 NOTE
r-devel-linux-x86_64-debian-gcc 0.2.4 74.68 55.52 130.20 NOTE
r-devel-linux-x86_64-fedora-clang 0.2.4 253.44 NOTE
r-devel-linux-x86_64-fedora-gcc 0.2.4 217.86 NOTE
r-devel-windows-x86_64 0.2.4 72.00 160.00 232.00 NOTE
r-patched-linux-x86_64 0.2.4 73.92 70.44 144.36 NOTE
r-release-linux-x86_64 0.2.4 NOTE
r-release-macos-arm64 0.2.4 55.00 NOTE
r-release-macos-x86_64 0.2.4 71.00 NOTE
r-release-windows-x86_64 0.2.4 80.00 157.00 237.00 NOTE
r-oldrel-macos-arm64 0.2.4 65.00 NOTE
r-oldrel-macos-x86_64 0.2.4 92.00 NOTE
r-oldrel-windows-ix86+x86_64 0.2.4 234.00 160.00 394.00 NOTE

Check Details

Version: 0.2.4
Check: LazyData
Result: NOTE
     'LazyData' is specified without a 'data' directory
Flavors: r-devel-linux-x86_64-debian-clang, r-devel-linux-x86_64-debian-gcc, r-devel-linux-x86_64-fedora-clang, r-devel-linux-x86_64-fedora-gcc, r-devel-windows-x86_64, r-patched-linux-x86_64, r-release-linux-x86_64, r-release-macos-arm64, r-release-macos-x86_64, r-release-windows-x86_64, r-oldrel-macos-arm64, r-oldrel-macos-x86_64, r-oldrel-windows-ix86+x86_64