Last updated on 2023-02-05 15:55:14 CET.
Flavor | Version | Tinstall | Tcheck | Ttotal | Status | Flags |
---|---|---|---|---|---|---|
r-devel-linux-x86_64-debian-clang | 1.0.0 | 29.21 | 399.45 | 428.66 | NOTE | |
r-devel-linux-x86_64-debian-gcc | 1.0.0 | 25.35 | 293.56 | 318.91 | NOTE | |
r-devel-linux-x86_64-fedora-clang | 1.0.0 | 516.70 | NOTE | |||
r-devel-linux-x86_64-fedora-gcc | 1.0.0 | 521.10 | NOTE | |||
r-devel-windows-x86_64 | 1.0.0 | 26.00 | 423.00 | 449.00 | NOTE | |
r-patched-linux-x86_64 | 1.0.0 | 27.06 | 386.56 | 413.62 | NOTE | |
r-release-linux-x86_64 | 1.0.0 | 27.43 | 390.25 | 417.68 | NOTE | |
r-release-macos-arm64 | 1.0.0 | 108.00 | NOTE | |||
r-release-macos-x86_64 | 1.0.0 | 157.00 | NOTE | |||
r-release-windows-x86_64 | 1.0.0 | 29.00 | 420.00 | 449.00 | NOTE | |
r-oldrel-macos-arm64 | 1.0.0 | 66.00 | NOTE | |||
r-oldrel-macos-x86_64 | 1.0.0 | 139.00 | NOTE | |||
r-oldrel-windows-ix86+x86_64 | 1.0.0 | 61.00 | 420.00 | 481.00 | NOTE |
Version: 1.0.0
Check: LazyData
Result: NOTE
'LazyData' is specified without a 'data' directory
Flavors: r-devel-linux-x86_64-debian-clang, r-devel-linux-x86_64-debian-gcc, r-devel-linux-x86_64-fedora-clang, r-devel-linux-x86_64-fedora-gcc, r-devel-windows-x86_64, r-patched-linux-x86_64, r-release-linux-x86_64, r-release-macos-arm64, r-release-macos-x86_64, r-release-windows-x86_64, r-oldrel-macos-arm64, r-oldrel-macos-x86_64, r-oldrel-windows-ix86+x86_64