CRAN Package Check Results for Package foto

Last updated on 2023-10-01 05:05:42 CEST.

Flavor Version Tinstall Tcheck Ttotal Status Flags
r-devel-linux-x86_64-debian-clang 1.0.0 32.94 418.34 451.28 NOTE
r-devel-linux-x86_64-debian-gcc 1.0.0 26.69 308.56 335.25 NOTE
r-devel-linux-x86_64-fedora-clang 1.0.0 537.38 NOTE
r-devel-linux-x86_64-fedora-gcc 1.0.0 549.14 NOTE
r-devel-windows-x86_64 1.0.0 24.00 270.00 294.00 NOTE
r-patched-linux-x86_64 1.0.0 24.23 406.52 430.75 NOTE
r-release-linux-x86_64 1.0.0 26.45 402.84 429.29 NOTE
r-release-macos-arm64 1.0.0 131.00 NOTE
r-release-macos-x86_64 1.0.0 250.00 NOTE
r-release-windows-x86_64 1.0.0 32.00 370.00 402.00 NOTE
r-oldrel-macos-arm64 1.0.0 116.00 NOTE
r-oldrel-macos-x86_64 1.0.0 157.00 NOTE
r-oldrel-windows-x86_64 1.0.0 33.00 370.00 403.00 NOTE

Check Details

Version: 1.0.0
Check: LazyData
Result: NOTE
     'LazyData' is specified without a 'data' directory
Flavors: r-devel-linux-x86_64-debian-clang, r-devel-linux-x86_64-debian-gcc, r-devel-linux-x86_64-fedora-clang, r-devel-linux-x86_64-fedora-gcc, r-devel-windows-x86_64, r-patched-linux-x86_64, r-release-linux-x86_64, r-release-macos-arm64, r-release-macos-x86_64, r-release-windows-x86_64, r-oldrel-macos-arm64, r-oldrel-macos-x86_64, r-oldrel-windows-x86_64