CRAN Package Check Results for Package forplo

Last updated on 2022-06-30 15:51:40 CEST.

Flavor Version Tinstall Tcheck Ttotal Status Flags
r-devel-linux-x86_64-debian-clang 0.2.0 3.04 33.56 36.60 OK
r-devel-linux-x86_64-debian-gcc 0.2.0 2.00 25.74 27.74 OK
r-devel-linux-x86_64-fedora-clang 0.2.0 54.27 OK
r-devel-linux-x86_64-fedora-gcc 0.2.0 53.93 OK
r-devel-windows-x86_64 0.2.0 14.00 60.00 74.00 OK
r-patched-linux-x86_64 0.2.0 2.64 32.67 35.31 OK
r-release-linux-x86_64 0.2.0 2.28 33.23 35.51 OK
r-release-macos-arm64 0.2.0 22.00 OK
r-release-macos-x86_64 0.2.0 33.00 OK
r-release-windows-x86_64 0.2.0 9.00 63.00 72.00 OK
r-oldrel-macos-arm64 0.2.0 21.00 OK
r-oldrel-macos-x86_64 0.2.0 30.00 OK
r-oldrel-windows-ix86+x86_64 0.2.0 7.00 44.00 51.00 WARN

Check Details

Version: 0.2.0
Check: re-building of vignette outputs
Result: WARN
    Error(s) in re-building vignettes:
    --- re-building 'forplo_vignette.Rmd' using rmarkdown
    Error: processing vignette 'forplo_vignette.Rmd' failed with diagnostics:
    only `math_method = 'mathjax'` is supported with earlier version than Pandoc 2.0
    --- failed re-building 'forplo_vignette.Rmd'
    
    SUMMARY: processing the following file failed:
     'forplo_vignette.Rmd'
    
    Error: Vignette re-building failed.
    Execution halted
Flavor: r-oldrel-windows-ix86+x86_64