CRAN Package Check Results for Package forestChange

Last updated on 2020-08-13 15:51:03 CEST.

Flavor Version Tinstall Tcheck Ttotal Status Flags
r-devel-linux-x86_64-debian-clang 1.0 13.35 100.64 113.99 OK
r-devel-linux-x86_64-debian-gcc 1.0 10.33 76.61 86.94 OK
r-devel-linux-x86_64-fedora-clang 1.0 144.69 NOTE
r-devel-linux-x86_64-fedora-gcc 1.0 134.52 NOTE
r-devel-windows-ix86+x86_64 1.0 42.00 113.00 155.00 OK
r-patched-linux-x86_64 1.0 12.74 98.02 110.76 OK
r-patched-solaris-x86 1.0 203.50 NOTE
r-release-linux-x86_64 1.0 12.41 97.41 109.82 OK
r-release-macos-x86_64 1.0 NOTE
r-release-windows-ix86+x86_64 1.0 34.00 150.00 184.00 OK
r-oldrel-macos-x86_64 1.0 NOTE
r-oldrel-windows-ix86+x86_64 1.0 19.00 93.00 112.00 OK

Check Details

Version: 1.0
Check: dependencies in R code
Result: NOTE
    Namespace in Imports field not imported from: ‘sp’
     All declared Imports should be used.
Flavors: r-devel-linux-x86_64-fedora-clang, r-devel-linux-x86_64-fedora-gcc, r-patched-solaris-x86, r-release-macos-x86_64, r-oldrel-macos-x86_64