CRAN Package Check Results for Package forecastHybrid

Last updated on 2024-07-24 15:51:36 CEST.

Flavor Version Tinstall Tcheck Ttotal Status Flags
r-devel-linux-x86_64-debian-clang 5.0.19 10.44 368.45 378.89 NOTE
r-devel-linux-x86_64-debian-gcc 5.0.19 7.24 254.41 261.65 NOTE
r-devel-linux-x86_64-fedora-clang 5.0.19 473.21 NOTE
r-devel-linux-x86_64-fedora-gcc 5.0.19 437.51 NOTE
r-devel-windows-x86_64 5.0.19 10.00 281.00 291.00 NOTE
r-patched-linux-x86_64 5.0.19 11.07 303.60 314.67 NOTE
r-release-linux-x86_64 5.0.19 5.63 341.51 347.14 NOTE
r-release-macos-arm64 5.0.19 107.00 NOTE
r-release-macos-x86_64 5.0.19 260.00 NOTE
r-release-windows-x86_64 5.0.19 9.00 277.00 286.00 NOTE
r-oldrel-macos-arm64 5.0.19 107.00 NOTE
r-oldrel-macos-x86_64 5.0.19 187.00 NOTE
r-oldrel-windows-x86_64 5.0.19 11.00 374.00 385.00 NOTE

Check Details

Version: 5.0.19
Check: LazyData
Result: NOTE 'LazyData' is specified without a 'data' directory Flavors: r-devel-linux-x86_64-debian-clang, r-devel-linux-x86_64-debian-gcc, r-devel-linux-x86_64-fedora-clang, r-devel-linux-x86_64-fedora-gcc, r-devel-windows-x86_64, r-patched-linux-x86_64, r-release-linux-x86_64, r-release-macos-arm64, r-release-macos-x86_64, r-release-windows-x86_64, r-oldrel-macos-arm64, r-oldrel-macos-x86_64, r-oldrel-windows-x86_64

Version: 5.0.19
Check: Rd cross-references
Result: NOTE Found the following Rd file(s) with Rd \link{} targets missing package anchors: cvts.Rd: forecast fitted.hybridModel.Rd: accuracy plot.hybridModel.Rd: autoplot plotFitted.Rd: autoplot plotModelObjects.Rd: autoplot residuals.hybridModel.Rd: accuracy Please provide package anchors for all Rd \link{} targets not in the package itself and the base packages. Flavors: r-devel-linux-x86_64-debian-gcc, r-devel-windows-x86_64