CRAN Package Check Results for Package foreach

Last updated on 2020-09-21 16:07:03 CEST.

Flavor Version Tinstall Tcheck Ttotal Status Flags
r-devel-linux-x86_64-debian-clang 1.5.0 2.65 51.53 54.18 OK
r-devel-linux-x86_64-debian-gcc 1.5.0 2.43 39.98 42.41 OK
r-devel-linux-x86_64-fedora-clang 1.5.0 73.91 OK
r-devel-linux-x86_64-fedora-gcc 1.5.0 66.12 OK
r-devel-windows-ix86+x86_64 1.5.0 7.00 140.00 147.00 NOTE
r-patched-linux-x86_64 1.5.0 3.16 50.64 53.80 OK
r-patched-solaris-x86 1.5.0 100.90 OK
r-release-linux-x86_64 1.5.0 3.19 50.52 53.71 OK
r-release-macos-x86_64 1.5.0 OK
r-release-windows-ix86+x86_64 1.5.0 6.00 151.00 157.00 NOTE
r-oldrel-macos-x86_64 1.5.0 OK
r-oldrel-windows-ix86+x86_64 1.5.0 4.00 149.00 153.00 NOTE

Check Details

Version: 1.5.0
Check: package dependencies
Result: NOTE
    Package suggested but not available for checking: 'doMC'
Flavors: r-devel-windows-ix86+x86_64, r-release-windows-ix86+x86_64, r-oldrel-windows-ix86+x86_64