CRAN Package Check Results for Package focusedMDS

Last updated on 2024-07-17 15:56:25 CEST.

Flavor Version Tinstall Tcheck Ttotal Status Flags
r-devel-linux-x86_64-debian-clang 1.3.3 3.40 28.64 32.04 NOTE
r-devel-linux-x86_64-debian-gcc 1.3.3 1.89 21.71 23.60 NOTE
r-devel-linux-x86_64-fedora-clang 1.3.3 40.96 NOTE
r-devel-linux-x86_64-fedora-gcc 1.3.3 37.47 NOTE
r-devel-windows-x86_64 1.3.3 4.00 43.00 47.00 NOTE
r-patched-linux-x86_64 1.3.3 3.22 27.64 30.86 NOTE
r-release-linux-x86_64 1.3.3 3.09 27.37 30.46 NOTE
r-release-macos-arm64 1.3.3 15.00 NOTE
r-release-macos-x86_64 1.3.3 24.00 NOTE
r-release-windows-x86_64 1.3.3 5.00 43.00 48.00 NOTE
r-oldrel-macos-arm64 1.3.3 19.00 NOTE
r-oldrel-macos-x86_64 1.3.3 24.00 NOTE
r-oldrel-windows-x86_64 1.3.3 5.00 46.00 51.00 NOTE

Check Details

Version: 1.3.3
Check: LazyData
Result: NOTE 'LazyData' is specified without a 'data' directory Flavors: r-devel-linux-x86_64-debian-clang, r-devel-linux-x86_64-debian-gcc, r-devel-linux-x86_64-fedora-clang, r-devel-linux-x86_64-fedora-gcc, r-devel-windows-x86_64, r-patched-linux-x86_64, r-release-linux-x86_64, r-release-macos-arm64, r-release-macos-x86_64, r-release-windows-x86_64, r-oldrel-macos-arm64, r-oldrel-macos-x86_64, r-oldrel-windows-x86_64