CRAN Package Check Results for Package fmriqa

Last updated on 2024-07-17 15:56:25 CEST.

Flavor Version Tinstall Tcheck Ttotal Status Flags
r-devel-linux-x86_64-debian-clang 0.3.0 6.97 96.09 103.06 NOTE
r-devel-linux-x86_64-debian-gcc 0.3.0 6.73 69.08 75.81 NOTE
r-devel-linux-x86_64-fedora-clang 0.3.0 138.47 NOTE
r-devel-linux-x86_64-fedora-gcc 0.3.0 135.17 NOTE
r-devel-windows-x86_64 0.3.0 8.00 90.00 98.00 NOTE
r-patched-linux-x86_64 0.3.0 7.60 91.27 98.87 NOTE
r-release-linux-x86_64 0.3.0 5.36 91.10 96.46 NOTE
r-release-macos-arm64 0.3.0 64.00 NOTE
r-release-macos-x86_64 0.3.0 146.00 NOTE
r-release-windows-x86_64 0.3.0 8.00 84.00 92.00 NOTE
r-oldrel-macos-arm64 0.3.0 61.00 NOTE
r-oldrel-macos-x86_64 0.3.0 109.00 NOTE
r-oldrel-windows-x86_64 0.3.0 10.00 93.00 103.00 NOTE

Check Details

Version: 0.3.0
Check: LazyData
Result: NOTE 'LazyData' is specified without a 'data' directory Flavors: r-devel-linux-x86_64-debian-clang, r-devel-linux-x86_64-debian-gcc, r-devel-linux-x86_64-fedora-clang, r-devel-linux-x86_64-fedora-gcc, r-devel-windows-x86_64, r-patched-linux-x86_64, r-release-linux-x86_64, r-release-macos-arm64, r-release-macos-x86_64, r-release-windows-x86_64, r-oldrel-macos-arm64, r-oldrel-macos-x86_64, r-oldrel-windows-x86_64