CRAN Package Check Results for Package fmpcloudr

Last updated on 2024-06-19 03:50:25 CEST.

Flavor Version Tinstall Tcheck Ttotal Status Flags
r-devel-linux-x86_64-debian-clang 0.1.5 3.71 32.92 36.63 NOTE
r-devel-linux-x86_64-debian-gcc 0.1.5 2.50 24.81 27.31 NOTE
r-devel-linux-x86_64-fedora-clang 0.1.5 45.26 NOTE
r-devel-linux-x86_64-fedora-gcc 0.1.5 42.84 NOTE
r-devel-windows-x86_64 0.1.5 5.00 52.00 57.00 NOTE
r-patched-linux-x86_64 0.1.5 4.17 31.12 35.29 NOTE
r-release-linux-x86_64 0.1.5 2.93 30.81 33.74 NOTE
r-release-macos-arm64 0.1.5 20.00 NOTE
r-release-macos-x86_64 0.1.5 38.00 NOTE
r-release-windows-x86_64 0.1.5 6.00 57.00 63.00 NOTE
r-oldrel-macos-arm64 0.1.5 18.00 NOTE
r-oldrel-macos-x86_64 0.1.5 25.00 NOTE
r-oldrel-windows-x86_64 0.1.5 5.00 56.00 61.00 NOTE

Check Details

Version: 0.1.5
Check: LazyData
Result: NOTE 'LazyData' is specified without a 'data' directory Flavors: r-devel-linux-x86_64-debian-clang, r-devel-linux-x86_64-debian-gcc, r-devel-linux-x86_64-fedora-clang, r-devel-linux-x86_64-fedora-gcc, r-devel-windows-x86_64, r-patched-linux-x86_64, r-release-linux-x86_64, r-release-macos-arm64, r-release-macos-x86_64, r-release-windows-x86_64, r-oldrel-macos-arm64, r-oldrel-macos-x86_64, r-oldrel-windows-x86_64