CRAN Package Check Results for Package fmdates

Last updated on 2024-06-25 05:00:55 CEST.

Flavor Version Tinstall Tcheck Ttotal Status Flags
r-devel-linux-x86_64-debian-clang 0.1.4 6.23 60.70 66.93 NOTE
r-devel-linux-x86_64-debian-gcc 0.1.4 4.39 44.61 49.00 NOTE
r-devel-linux-x86_64-fedora-clang 0.1.4 88.45 NOTE
r-devel-linux-x86_64-fedora-gcc 0.1.4 91.80 NOTE
r-devel-windows-x86_64 0.1.4 6.00 66.00 72.00 NOTE
r-patched-linux-x86_64 0.1.4 8.75 57.39 66.14 NOTE
r-release-linux-x86_64 0.1.4 6.50 58.15 64.65 NOTE
r-release-macos-arm64 0.1.4 31.00 NOTE
r-release-macos-x86_64 0.1.4 46.00 NOTE
r-release-windows-x86_64 0.1.4 6.00 67.00 73.00 NOTE
r-oldrel-macos-arm64 0.1.4 31.00 NOTE
r-oldrel-macos-x86_64 0.1.4 49.00 NOTE
r-oldrel-windows-x86_64 0.1.4 8.00 73.00 81.00 NOTE

Check Details

Version: 0.1.4
Check: LazyData
Result: NOTE 'LazyData' is specified without a 'data' directory Flavors: r-devel-linux-x86_64-debian-clang, r-devel-linux-x86_64-debian-gcc, r-devel-linux-x86_64-fedora-clang, r-devel-linux-x86_64-fedora-gcc, r-devel-windows-x86_64, r-patched-linux-x86_64, r-release-linux-x86_64, r-release-macos-arm64, r-release-macos-x86_64, r-release-windows-x86_64, r-oldrel-macos-arm64, r-oldrel-macos-x86_64, r-oldrel-windows-x86_64