CRAN Package Check Results for Package flightplot

Last updated on 2020-09-22 16:02:28 CEST.

Flavor Version Tinstall Tcheck Ttotal Status Flags
r-devel-linux-x86_64-debian-clang 0.1.0 4.76 40.60 45.36 OK
r-devel-linux-x86_64-debian-gcc 0.1.0 4.09 32.54 36.63 OK
r-devel-linux-x86_64-fedora-clang 0.1.0 64.20 NOTE
r-devel-linux-x86_64-fedora-gcc 0.1.0 56.73 NOTE
r-devel-windows-ix86+x86_64 0.1.0 12.00 53.00 65.00 OK
r-patched-linux-x86_64 0.1.0 4.53 39.25 43.78 OK
r-patched-solaris-x86 0.1.0 82.50 NOTE
r-release-linux-x86_64 0.1.0 4.78 39.29 44.07 OK
r-release-macos-x86_64 0.1.0 NOTE
r-release-windows-ix86+x86_64 0.1.0 12.00 45.00 57.00 OK
r-oldrel-macos-x86_64 0.1.0 NOTE
r-oldrel-windows-ix86+x86_64 0.1.0 7.00 42.00 49.00 OK

Check Details

Version: 0.1.0
Check: data for non-ASCII characters
Result: NOTE
     Note: found 710 marked UTF-8 strings
Flavors: r-devel-linux-x86_64-fedora-clang, r-devel-linux-x86_64-fedora-gcc, r-patched-solaris-x86, r-release-macos-x86_64, r-oldrel-macos-x86_64