Last updated on 2022-06-25 03:50:58 CEST.
Flavor | Version | Tinstall | Tcheck | Ttotal | Status | Flags |
---|---|---|---|---|---|---|
r-devel-linux-x86_64-debian-clang | 1.4-1 | 15.42 | 89.93 | 105.35 | NOTE | |
r-devel-linux-x86_64-debian-gcc | 1.4-1 | 9.38 | 67.07 | 76.45 | NOTE | |
r-devel-linux-x86_64-fedora-clang | 1.4-1 | 127.78 | NOTE | |||
r-devel-linux-x86_64-fedora-gcc | 1.4-1 | 128.69 | NOTE | |||
r-devel-windows-x86_64 | 1.4-1 | 86.00 | 115.00 | 201.00 | NOTE | |
r-patched-linux-x86_64 | 1.4-1 | 13.06 | 84.16 | 97.22 | OK | |
r-release-linux-x86_64 | 1.4-1 | 13.92 | 84.47 | 98.39 | OK | |
r-release-macos-arm64 | 1.4-1 | 37.00 | OK | |||
r-release-macos-x86_64 | 1.4-1 | 58.00 | OK | |||
r-release-windows-x86_64 | 1.4-1 | 101.00 | 116.00 | 217.00 | OK | |
r-oldrel-macos-arm64 | 1.4-1 | 36.00 | OK | |||
r-oldrel-macos-x86_64 | 1.4-1 | 59.00 | OK | |||
r-oldrel-windows-ix86+x86_64 | 1.4-1 | 29.00 | 151.00 | 180.00 | OK |
Version: 1.4-1
Check: Rd files
Result: NOTE
checkRd: (-1) cclust.Rd:78: Escaped LaTeX specials: \&
checkRd: (-1) randIndex.Rd:53: Escaped LaTeX specials: \&
checkRd: (-1) vacmot.Rd:25: Escaped LaTeX specials: \&
checkRd: (-1) vacmot.Rd:28: Escaped LaTeX specials: \&
Flavors: r-devel-linux-x86_64-debian-clang, r-devel-linux-x86_64-debian-gcc, r-devel-linux-x86_64-fedora-clang, r-devel-linux-x86_64-fedora-gcc, r-devel-windows-x86_64