CRAN Package Check Results for Package flexCWM

Last updated on 2022-07-01 15:51:18 CEST.

Flavor Version Tinstall Tcheck Ttotal Status Flags
r-devel-linux-x86_64-debian-clang 1.92 17.72 142.57 160.29 OK
r-devel-linux-x86_64-debian-gcc 1.92 14.18 107.50 121.68 OK
r-devel-linux-x86_64-fedora-clang 1.92 200.57 NOTE
r-devel-linux-x86_64-fedora-gcc 1.92 197.20 OK
r-devel-windows-x86_64 1.92 19.00 159.00 178.00 OK
r-patched-linux-x86_64 1.92 13.95 134.37 148.32 OK
r-release-linux-x86_64 1.92 11.50 133.21 144.71 OK
r-release-macos-arm64 1.92 51.00 OK
r-release-macos-x86_64 1.92 89.00 OK
r-release-windows-x86_64 1.92 28.00 163.00 191.00 OK
r-oldrel-macos-arm64 1.92 62.00 OK
r-oldrel-macos-x86_64 1.92 85.00 OK
r-oldrel-windows-ix86+x86_64 1.92 40.00 148.00 188.00 OK

Check Details

Version: 1.92
Check: Rd cross-references
Result: NOTE
    Undeclared package ‘mixture’ in Rd xrefs
Flavor: r-devel-linux-x86_64-fedora-clang