CRAN Package Check Results for Package flacco

Last updated on 2024-06-13 15:48:21 CEST.

Flavor Version Tinstall Tcheck Ttotal Status Flags
r-devel-linux-x86_64-debian-clang 1.8 14.06 146.61 160.67 NOTE
r-devel-linux-x86_64-debian-gcc 1.8 0.48 1.89 2.37 ERROR
r-devel-linux-x86_64-fedora-clang 1.8 204.48 NOTE
r-devel-linux-x86_64-fedora-gcc 1.8 201.18 NOTE
r-devel-windows-x86_64 1.8 13.00 122.00 135.00 NOTE
r-patched-linux-x86_64 1.8 15.16 142.38 157.54 NOTE
r-release-linux-x86_64 1.8 14.49 141.91 156.40 NOTE
r-release-macos-arm64 1.8 54.00 NOTE
r-release-macos-x86_64 1.8 98.00 NOTE
r-release-windows-x86_64 1.8 14.00 127.00 141.00 NOTE
r-oldrel-macos-arm64 1.8 62.00 OK
r-oldrel-macos-x86_64 1.8 102.00 OK
r-oldrel-windows-x86_64 1.8 17.00 149.00 166.00 OK

Check Details

Version: 1.8
Check: Rd files
Result: NOTE checkRd: (-1) convertInitDesignToGrid.Rd:11: Lost braces; missing escapes or markup? 11 | The initial design, consisting of \code{d + 1} columns ({d} dimensions and | ^ Flavors: r-devel-linux-x86_64-debian-clang, r-devel-linux-x86_64-fedora-clang, r-devel-linux-x86_64-fedora-gcc, r-devel-windows-x86_64, r-patched-linux-x86_64, r-release-linux-x86_64, r-release-macos-arm64, r-release-macos-x86_64, r-release-windows-x86_64

Version: 1.8
Check: package dependencies
Result: ERROR Package required but not available: ‘mlr’ Packages suggested but not available for checking: 'devtools', 'ggplot2', 'plotly', 'smoof', 'testthat' See section ‘The DESCRIPTION file’ in the ‘Writing R Extensions’ manual. Flavor: r-devel-linux-x86_64-debian-gcc