Last updated on 2022-06-29 03:52:40 CEST.
Flavor | Version | Tinstall | Tcheck | Ttotal | Status | Flags |
---|---|---|---|---|---|---|
r-devel-linux-x86_64-debian-clang | 0.10.4 | 137.44 | 319.20 | 456.64 | NOTE | |
r-devel-linux-x86_64-debian-gcc | 0.10.4 | 111.51 | 290.96 | 402.47 | NOTE | |
r-devel-linux-x86_64-fedora-clang | 0.10.4 | 597.03 | NOTE | |||
r-devel-linux-x86_64-fedora-gcc | 0.10.4 | 573.29 | NOTE | |||
r-devel-windows-x86_64 | 0.10.4 | 178.00 | 332.00 | 510.00 | NOTE | |
r-patched-linux-x86_64 | 0.10.4 | 123.17 | 315.41 | 438.58 | OK | |
r-release-linux-x86_64 | 0.10.4 | 124.39 | 318.40 | 442.79 | OK | |
r-release-macos-arm64 | 0.10.4 | 110.00 | NOTE | |||
r-release-macos-x86_64 | 0.10.4 | 172.00 | NOTE | |||
r-release-windows-x86_64 | 0.10.4 | 175.00 | 339.00 | 514.00 | NOTE | |
r-oldrel-macos-arm64 | 0.10.4 | 111.00 | NOTE | |||
r-oldrel-macos-x86_64 | 0.10.4 | 157.00 | NOTE | |||
r-oldrel-windows-ix86+x86_64 | 0.10.4 | 292.00 | 431.00 | 723.00 | NOTE |
Version: 0.10.4
Check: Rd files
Result: NOTE
checkRd: (-1) etable.Rd:494: Escaped LaTeX specials: \$
Flavors: r-devel-linux-x86_64-debian-clang, r-devel-linux-x86_64-debian-gcc, r-devel-linux-x86_64-fedora-clang, r-devel-linux-x86_64-fedora-gcc, r-devel-windows-x86_64
Version: 0.10.4
Check: installed package size
Result: NOTE
installed size is 10.1Mb
sub-directories of 1Mb or more:
R 1.3Mb
doc 3.6Mb
libs 4.2Mb
Flavors: r-devel-linux-x86_64-fedora-clang, r-devel-windows-x86_64, r-release-macos-arm64, r-release-macos-x86_64, r-release-windows-x86_64, r-oldrel-macos-arm64, r-oldrel-macos-x86_64, r-oldrel-windows-ix86+x86_64
Version: 0.10.4
Check: package dependencies
Result: NOTE
Package suggested but not available for checking: ‘pdftools’
Flavor: r-release-macos-x86_64