CRAN Package Check Results for Package fishflux

Last updated on 2020-09-29 15:47:34 CEST.

Flavor Version Tinstall Tcheck Ttotal Status Flags
r-devel-linux-x86_64-debian-clang 0.0.1.1 245.86 215.52 461.38 NOTE
r-devel-linux-x86_64-debian-gcc 0.0.1.1 219.89 174.70 394.59 NOTE
r-devel-linux-x86_64-fedora-clang 0.0.1.1 597.02 NOTE
r-devel-linux-x86_64-fedora-gcc 0.0.1.1 621.35 NOTE
r-devel-windows-ix86+x86_64 0.0.1.1 528.00 425.00 953.00 NOTE
r-patched-linux-x86_64 0.0.1.1 245.64 212.64 458.28 NOTE
r-patched-solaris-x86 0.0.1.1 553.40 WARN
r-release-linux-x86_64 0.0.1.1 214.03 210.68 424.71 NOTE
r-release-macos-x86_64 0.0.1.1 WARN
r-release-windows-ix86+x86_64 0.0.1.1 330.00 7.00 337.00 ERROR
r-oldrel-macos-x86_64 0.0.1.1 WARN
r-oldrel-windows-ix86+x86_64 0.0.1.1 512.00 422.00 934.00 NOTE

Check Details

Version: 0.0.1.1
Check: for GNU extensions in Makefiles
Result: NOTE
    GNU make is a SystemRequirements.
Flavors: r-devel-linux-x86_64-debian-clang, r-devel-linux-x86_64-debian-gcc, r-devel-linux-x86_64-fedora-clang, r-devel-linux-x86_64-fedora-gcc, r-devel-windows-ix86+x86_64, r-patched-linux-x86_64, r-patched-solaris-x86, r-release-linux-x86_64, r-release-macos-x86_64, r-oldrel-macos-x86_64, r-oldrel-windows-ix86+x86_64

Version: 0.0.1.1
Check: installed package size
Result: NOTE
     installed size is 47.2Mb
     sub-directories of 1Mb or more:
     libs 46.6Mb
Flavors: r-devel-linux-x86_64-fedora-clang, r-devel-windows-ix86+x86_64, r-release-macos-x86_64, r-oldrel-macos-x86_64, r-oldrel-windows-ix86+x86_64

Version: 0.0.1.1
Check: dependencies in R code
Result: NOTE
    Namespaces in Imports field not imported from:
     ‘RcppParallel’ ‘rstantools’
     All declared Imports should be used.
Flavors: r-devel-linux-x86_64-fedora-clang, r-devel-linux-x86_64-fedora-gcc, r-patched-solaris-x86, r-release-macos-x86_64, r-oldrel-macos-x86_64

Version: 0.0.1.1
Check: re-building of vignette outputs
Result: WARN
    Error(s) in re-building vignettes:
     ...
    --- re-building ‘intro_to_fishflux.Rmd’ using rmarkdown
    Warning in engine$weave(file, quiet = quiet, encoding = enc) :
     Pandoc (>= 1.12.3) and/or pandoc-citeproc not available. Falling back to R Markdown v1.
    Quitting from lines 81-123 (intro_to_fishflux.Rmd)
    Error: processing vignette 'intro_to_fishflux.Rmd' failed with diagnostics:
    Please install either RStudio or Pandoc (https://pandoc.org)
    --- failed re-building ‘intro_to_fishflux.Rmd’
    
    SUMMARY: processing the following file failed:
     ‘intro_to_fishflux.Rmd’
    
    Error: Vignette re-building failed.
    Execution halted
Flavors: r-patched-solaris-x86, r-release-macos-x86_64, r-oldrel-macos-x86_64

Version: 0.0.1.1
Check: whether package can be installed
Result: ERROR
    Installation failed.
Flavor: r-release-windows-ix86+x86_64