CRAN Package Check Results for Package finnts

Last updated on 2024-06-21 03:57:48 CEST.

Flavor Version Tinstall Tcheck Ttotal Status Flags
r-devel-linux-x86_64-debian-clang 0.4.0 28.02 592.43 620.45 OK
r-devel-linux-x86_64-debian-gcc 0.4.0 23.66 424.71 448.37 OK
r-devel-linux-x86_64-fedora-clang 0.4.0 768.16 NOTE
r-devel-linux-x86_64-fedora-gcc 0.4.0 797.93 OK
r-devel-windows-x86_64 0.4.0 24.00 498.00 522.00 OK
r-patched-linux-x86_64 0.4.0 25.12 566.44 591.56 OK
r-release-linux-x86_64 0.4.0 30.27 566.34 596.61 OK
r-release-macos-arm64 0.4.0 194.00 OK
r-release-macos-x86_64 0.4.0 299.00 OK
r-release-windows-x86_64 0.4.0 22.00 506.00 528.00 OK
r-oldrel-macos-arm64 0.4.0 161.00 OK
r-oldrel-macos-x86_64 0.4.0 276.00 OK
r-oldrel-windows-x86_64 0.4.0 32.00 569.00 601.00 OK

Check Details

Version: 0.4.0
Check: package dependencies
Result: NOTE Imports includes 33 non-default packages. Importing from so many packages makes the package vulnerable to any of them becoming unavailable. Move as many as possible to Suggests and use conditionally. Flavor: r-devel-linux-x86_64-fedora-clang