CRAN Package Check Results for Package finnsurveytext

Last updated on 2024-06-13 03:49:18 CEST.

Flavor Version Tinstall Tcheck Ttotal Status Flags
r-devel-linux-x86_64-debian-clang 1.0.0 6.87 87.10 93.97 OK
r-devel-linux-x86_64-debian-gcc 1.0.0 0.50 1.88 2.38 ERROR
r-devel-linux-x86_64-fedora-clang 1.0.0 120.82 NOTE
r-devel-linux-x86_64-fedora-gcc 1.0.0 123.73 NOTE
r-devel-windows-x86_64 1.0.0 12.00 98.00 110.00 OK
r-patched-linux-x86_64 1.0.0 7.72 84.39 92.11 OK
r-release-linux-x86_64 1.0.0 4.73 85.56 90.29 OK
r-release-macos-arm64 1.0.0 42.00 OK
r-release-macos-x86_64 1.0.0 63.00 OK
r-release-windows-x86_64 1.0.0 10.00 110.00 120.00 OK
r-oldrel-macos-arm64 1.0.0 54.00 OK
r-oldrel-macos-x86_64 1.0.0 87.00 OK
r-oldrel-windows-x86_64 1.0.0 13.00 114.00 127.00 OK

Check Details

Version: 1.0.0
Check: package dependencies
Result: ERROR Packages required but not available: 'dplyr', 'ggplot2', 'ggpubr', 'ggraph', 'igraph', 'stringr', 'textrank', 'tibble', 'tidyr' See section ‘The DESCRIPTION file’ in the ‘Writing R Extensions’ manual. Flavor: r-devel-linux-x86_64-debian-gcc

Version: 1.0.0
Check: data for non-ASCII characters
Result: NOTE Note: found 68047 marked UTF-8 strings Flavors: r-devel-linux-x86_64-fedora-clang, r-devel-linux-x86_64-fedora-gcc