CRAN Package Check Results for Package fingerPro

Last updated on 2020-09-20 03:47:25 CEST.

Flavor Version Tinstall Tcheck Ttotal Status Flags
r-devel-linux-x86_64-debian-clang 1.1 39.61 137.42 177.03 OK
r-devel-linux-x86_64-debian-gcc 1.1 30.91 103.73 134.64 OK
r-devel-linux-x86_64-fedora-clang 1.1 231.90 NOTE
r-devel-linux-x86_64-fedora-gcc 1.1 225.54 NOTE
r-devel-windows-ix86+x86_64 1.1 95.00 193.00 288.00 OK
r-patched-linux-x86_64 1.1 26.18 133.12 159.30 OK
r-patched-solaris-x86 1.1 334.50 NOTE
r-release-linux-x86_64 1.1 35.77 133.10 168.87 OK
r-release-macos-x86_64 1.1 NOTE
r-release-windows-ix86+x86_64 1.1 93.00 173.00 266.00 OK
r-oldrel-macos-x86_64 1.1 WARN
r-oldrel-windows-ix86+x86_64 1.1 59.00 206.00 265.00 OK

Check Details

Version: 1.1
Check: dependencies in R code
Result: NOTE
    Namespace in Imports field not imported from: ‘RcppProgress’
     All declared Imports should be used.
Flavors: r-devel-linux-x86_64-fedora-clang, r-devel-linux-x86_64-fedora-gcc, r-patched-solaris-x86, r-release-macos-x86_64, r-oldrel-macos-x86_64

Version: 1.1
Check: whether package can be installed
Result: WARN
    Found the following significant warnings:
     Warning: 'rgl_init' failed, running with rgl.useNULL = TRUE
Flavor: r-oldrel-macos-x86_64