CRAN Package Check Results for Package fido

Last updated on 2022-09-25 03:54:30 CEST.

Flavor Version Tinstall Tcheck Ttotal Status Flags
r-devel-linux-x86_64-debian-clang 1.0.3 349.38 221.57 570.95 NOTE
r-devel-linux-x86_64-debian-gcc 1.0.3 299.61 170.85 470.46 NOTE
r-devel-linux-x86_64-fedora-clang 1.0.3 770.92 NOTE
r-devel-linux-x86_64-fedora-gcc 1.0.3 806.37 NOTE
r-devel-windows-x86_64 1.0.3 485.00 295.00 780.00 NOTE
r-patched-linux-x86_64 1.0.3 313.71 218.38 532.09 NOTE
r-release-linux-x86_64 1.0.3 314.10 218.67 532.77 NOTE
r-release-macos-arm64 1.0.3 132.00 NOTE
r-release-macos-x86_64 1.0.3 238.00 NOTE
r-release-windows-x86_64 1.0.3 256.00 277.00 533.00 NOTE
r-oldrel-macos-arm64 1.0.3 143.00 NOTE
r-oldrel-macos-x86_64 1.0.3 242.00 NOTE
r-oldrel-windows-ix86+x86_64 1.0.3 39.00 18.00 57.00 ERROR

Check Details

Version: 1.0.3
Check: package dependencies
Result: NOTE
    Package suggested but not available for checking: 'MicrobeDS'
Flavors: r-devel-linux-x86_64-debian-clang, r-devel-linux-x86_64-debian-gcc, r-devel-linux-x86_64-fedora-clang, r-devel-linux-x86_64-fedora-gcc, r-devel-windows-x86_64, r-patched-linux-x86_64, r-release-linux-x86_64, r-release-macos-arm64, r-release-macos-x86_64, r-release-windows-x86_64, r-oldrel-macos-arm64, r-oldrel-macos-x86_64, r-oldrel-windows-ix86+x86_64

Version: 1.0.3
Check: installed package size
Result: NOTE
     installed size is 39.5Mb
     sub-directories of 1Mb or more:
     libs 37.9Mb
Flavors: r-release-macos-arm64, r-release-macos-x86_64, r-oldrel-macos-arm64, r-oldrel-macos-x86_64

Version: 1.0.3
Check: whether package can be installed
Result: ERROR
    Installation failed.
Flavor: r-oldrel-windows-ix86+x86_64