Last updated on 2021-01-26 15:49:45 CET.
Flavor | Version | Tinstall | Tcheck | Ttotal | Status | Flags |
---|---|---|---|---|---|---|
r-devel-linux-x86_64-debian-clang | 0.1.3 | 5.85 | 53.79 | 59.64 | OK | |
r-devel-linux-x86_64-debian-gcc | 0.1.3 | 4.93 | 41.11 | 46.04 | OK | |
r-devel-linux-x86_64-fedora-clang | 0.1.3 | 81.93 | NOTE | |||
r-devel-linux-x86_64-fedora-gcc | 0.1.3 | 69.97 | NOTE | |||
r-devel-windows-ix86+x86_64 | 0.1.3 | 14.00 | 73.00 | 87.00 | OK | |
r-patched-linux-x86_64 | 0.1.3 | 6.38 | 50.91 | 57.29 | OK | |
r-patched-solaris-x86 | 0.1.3 | 98.60 | NOTE | |||
r-release-linux-x86_64 | 0.1.3 | 5.67 | 50.77 | 56.44 | OK | |
r-release-macos-x86_64 | 0.1.3 | NOTE | ||||
r-release-windows-ix86+x86_64 | 0.1.3 | 15.00 | 54.00 | 69.00 | OK | |
r-oldrel-macos-x86_64 | 0.1.3 | NOTE | ||||
r-oldrel-windows-ix86+x86_64 | 0.1.3 | 10.00 | 71.00 | 81.00 | OK |
Version: 0.1.3
Check: data for non-ASCII characters
Result: NOTE
Note: found 20 marked UTF-8 strings
Flavors: r-devel-linux-x86_64-fedora-clang, r-devel-linux-x86_64-fedora-gcc, r-patched-solaris-x86, r-release-macos-x86_64, r-oldrel-macos-x86_64