CRAN Package Check Results for Package featurefinder

Last updated on 2022-07-03 03:49:55 CEST.

Flavor Version Tinstall Tcheck Ttotal Status Flags
r-devel-linux-x86_64-debian-clang 1.1 2.83 37.63 40.46 NOTE
r-devel-linux-x86_64-debian-gcc 1.1 2.23 28.25 30.48 NOTE
r-devel-linux-x86_64-fedora-clang 1.1 58.46 NOTE
r-devel-linux-x86_64-fedora-gcc 1.1 57.49 NOTE
r-devel-windows-x86_64 1.1 41.00 72.00 113.00 OK
r-patched-linux-x86_64 1.1 2.72 35.46 38.18 NOTE
r-release-linux-x86_64 1.1 2.70 35.30 38.00 NOTE
r-release-macos-arm64 1.1 20.00 OK
r-release-macos-x86_64 1.1 28.00 OK
r-release-windows-x86_64 1.1 48.00 70.00 118.00 OK
r-oldrel-macos-arm64 1.1 27.00 OK
r-oldrel-macos-x86_64 1.1 37.00 OK
r-oldrel-windows-ix86+x86_64 1.1 9.00 51.00 60.00 OK

Check Details

Version: 1.1
Check: for non-standard things in the check directory
Result: NOTE
    Found the following files/directories:
     'treesAll.txt'
Flavors: r-devel-linux-x86_64-debian-clang, r-devel-linux-x86_64-debian-gcc, r-devel-linux-x86_64-fedora-clang, r-devel-linux-x86_64-fedora-gcc, r-patched-linux-x86_64, r-release-linux-x86_64