CRAN Package Check Results for Package feamiR

Last updated on 2022-06-30 15:51:40 CEST.

Flavor Version Tinstall Tcheck Ttotal Status Flags
r-devel-linux-x86_64-debian-clang 0.1.0 3.97 100.01 103.98 NOTE
r-devel-linux-x86_64-debian-gcc 0.1.0 2.96 74.24 77.20 NOTE
r-devel-linux-x86_64-fedora-clang 0.1.0 130.99 NOTE
r-devel-linux-x86_64-fedora-gcc 0.1.0 132.49 NOTE
r-devel-windows-x86_64 0.1.0 17.00 123.00 140.00 NOTE
r-patched-linux-x86_64 0.1.0 3.98 94.61 98.59 NOTE
r-release-linux-x86_64 0.1.0 4.55 95.87 100.42 NOTE
r-release-macos-arm64 0.1.0 31.00 NOTE
r-release-macos-x86_64 0.1.0 63.00 NOTE
r-release-windows-x86_64 0.1.0 23.00 122.00 145.00 NOTE
r-oldrel-macos-arm64 0.1.0 38.00 NOTE
r-oldrel-macos-x86_64 0.1.0 60.00 NOTE
r-oldrel-windows-ix86+x86_64 0.1.0 10.00 122.00 132.00 NOTE

Check Details

Version: 0.1.0
Check: LazyData
Result: NOTE
     'LazyData' is specified without a 'data' directory
Flavors: r-devel-linux-x86_64-debian-clang, r-devel-linux-x86_64-debian-gcc, r-devel-linux-x86_64-fedora-clang, r-devel-linux-x86_64-fedora-gcc, r-devel-windows-x86_64, r-patched-linux-x86_64, r-release-linux-x86_64, r-release-macos-arm64, r-release-macos-x86_64, r-release-windows-x86_64, r-oldrel-macos-arm64, r-oldrel-macos-x86_64, r-oldrel-windows-ix86+x86_64