CRAN Package Check Results for Package fdapace

Last updated on 2021-10-19 03:52:19 CEST.

Flavor Version Tinstall Tcheck Ttotal Status Flags
r-devel-linux-x86_64-debian-clang 0.5.7 292.22 284.48 576.70 OK
r-devel-linux-x86_64-debian-gcc 0.5.7 220.63 215.21 435.84 OK
r-devel-linux-x86_64-fedora-clang 0.5.7 820.98 NOTE
r-devel-linux-x86_64-fedora-gcc 0.5.7 768.60 OK
r-devel-windows-x86_64 0.5.7 361.00 345.00 706.00 OK
r-devel-windows-x86_64-gcc10-UCRT 0.5.7 OK
r-patched-linux-x86_64 0.5.7 262.79 283.41 546.20 OK
r-patched-solaris-x86 0.5.7 608.40 OK
r-release-linux-x86_64 0.5.7 263.23 285.12 548.35 OK
r-release-macos-arm64 0.5.7 NOTE
r-release-macos-x86_64 0.5.7 NOTE
r-release-windows-ix86+x86_64 0.5.7 523.00 447.00 970.00 OK
r-oldrel-macos-x86_64 0.5.7 NOTE
r-oldrel-windows-ix86+x86_64 0.5.7 682.00 443.00 1125.00 OK

Check Details

Version: 0.5.7
Check: installed package size
Result: NOTE
     installed size is 42.0Mb
     sub-directories of 1Mb or more:
     libs 40.4Mb
Flavors: r-devel-linux-x86_64-fedora-clang, r-release-macos-arm64, r-release-macos-x86_64, r-oldrel-macos-x86_64