CRAN Package Check Results for Package fdadensity

Last updated on 2020-10-21 03:47:20 CEST.

Flavor Version Tinstall Tcheck Ttotal Status Flags
r-devel-linux-x86_64-debian-clang 0.1.2 26.93 51.15 78.08 OK
r-devel-linux-x86_64-debian-gcc 0.1.2 19.13 38.36 57.49 OK
r-devel-linux-x86_64-fedora-clang 0.1.2 109.79 OK
r-devel-linux-x86_64-fedora-gcc 0.1.2 94.82 OK
r-devel-windows-ix86+x86_64 0.1.2 45.00 94.00 139.00 NOTE
r-patched-linux-x86_64 0.1.2 23.58 48.74 72.32 OK
r-patched-solaris-x86 0.1.2 116.80 OK
r-release-linux-x86_64 0.1.2 22.12 48.75 70.87 OK
r-release-macos-x86_64 0.1.2 OK
r-release-windows-ix86+x86_64 0.1.2 62.00 87.00 149.00 NOTE
r-oldrel-macos-x86_64 0.1.2 OK
r-oldrel-windows-ix86+x86_64 0.1.2 40.00 104.00 144.00 OK

Check Details

Version: 0.1.2
Check: installed package size
Result: NOTE
     installed size is 5.4Mb
     sub-directories of 1Mb or more:
     data 3.3Mb
     libs 2.0Mb
Flavors: r-devel-windows-ix86+x86_64, r-release-windows-ix86+x86_64