CRAN Package Check Results for Package fdaMixed

Last updated on 2020-09-29 15:47:33 CEST.

Flavor Version Tinstall Tcheck Ttotal Status Flags
r-devel-linux-x86_64-debian-clang 0.6 110.99 34.57 145.56 OK
r-devel-linux-x86_64-debian-gcc 0.6 83.51 26.62 110.13 OK
r-devel-linux-x86_64-fedora-clang 0.6 208.90 NOTE
r-devel-linux-x86_64-fedora-gcc 0.6 189.74 OK
r-devel-windows-ix86+x86_64 0.6 243.00 84.00 327.00 OK
r-patched-linux-x86_64 0.6 100.58 33.02 133.60 OK
r-patched-solaris-x86 0.6 160.50 OK
r-release-linux-x86_64 0.6 100.27 32.76 133.03 OK
r-release-macos-x86_64 0.6 NOTE
r-release-windows-ix86+x86_64 0.6 243.00 83.00 326.00 OK
r-oldrel-macos-x86_64 0.6 NOTE
r-oldrel-windows-ix86+x86_64 0.6 224.00 86.00 310.00 OK

Check Details

Version: 0.6
Check: installed package size
Result: NOTE
     installed size is 9.3Mb
     sub-directories of 1Mb or more:
     libs 9.2Mb
Flavors: r-devel-linux-x86_64-fedora-clang, r-release-macos-x86_64, r-oldrel-macos-x86_64