CRAN Package Check Results for Package fdaACF

Last updated on 2020-09-27 03:46:31 CEST.

Flavor Version Tinstall Tcheck Ttotal Status Flags
r-devel-linux-x86_64-debian-clang 0.2.0 2.76 40.11 42.87 OK
r-devel-linux-x86_64-debian-gcc 0.2.0 2.12 30.58 32.70 OK
r-devel-linux-x86_64-fedora-clang 0.2.0 61.04 NOTE
r-devel-linux-x86_64-fedora-gcc 0.2.0 51.29 NOTE
r-devel-windows-ix86+x86_64 0.2.0 7.00 63.00 70.00 OK
r-patched-linux-x86_64 0.2.0 2.41 38.94 41.35 OK
r-patched-solaris-x86 0.2.0 70.80 NOTE
r-release-linux-x86_64 0.2.0 2.71 39.66 42.37 OK
r-release-macos-x86_64 0.2.0 NOTE
r-release-windows-ix86+x86_64 0.2.0 4.00 67.00 71.00 OK
r-oldrel-macos-x86_64 0.2.0 NOTE
r-oldrel-windows-ix86+x86_64 0.2.0 4.00 68.00 72.00 OK

Check Details

Version: 0.2.0
Check: dependencies in R code
Result: NOTE
    Namespace in Imports field not imported from: ‘Matrix’
     All declared Imports should be used.
Flavors: r-devel-linux-x86_64-fedora-clang, r-devel-linux-x86_64-fedora-gcc, r-patched-solaris-x86, r-release-macos-x86_64, r-oldrel-macos-x86_64