CRAN Package Check Results for Package fastverse

Last updated on 2024-06-14 15:54:02 CEST.

Flavor Version Tinstall Tcheck Ttotal Status Flags
r-devel-linux-x86_64-debian-clang 0.3.3 3.61 37.30 40.91 OK
r-devel-linux-x86_64-debian-gcc 0.3.3 2.81 28.68 31.49 OK
r-devel-linux-x86_64-fedora-clang 0.3.3 52.99 NOTE
r-devel-linux-x86_64-fedora-gcc 0.3.3 61.96 NOTE
r-devel-windows-x86_64 0.3.3 4.00 50.00 54.00 OK
r-patched-linux-x86_64 0.3.3 3.85 36.57 40.42 OK
r-release-linux-x86_64 0.3.3 3.43 35.34 38.77 OK
r-release-macos-arm64 0.3.3 26.00 OK
r-release-macos-x86_64 0.3.3 57.00 OK
r-release-windows-x86_64 0.3.3 5.00 59.00 64.00 OK
r-oldrel-macos-arm64 0.3.3 35.00 OK
r-oldrel-macos-x86_64 0.3.3 76.00 OK
r-oldrel-windows-x86_64 0.3.3 4.00 54.00 58.00 OK

Check Details

Version: 0.3.3
Check: dependencies in R code
Result: NOTE Namespaces in Imports field not imported from: ‘collapse’ ‘data.table’ ‘kit’ ‘magrittr’ All declared Imports should be used. Flavors: r-devel-linux-x86_64-fedora-clang, r-devel-linux-x86_64-fedora-gcc