Last updated on 2023-02-05 15:55:13 CET.
Flavor | Version | Tinstall | Tcheck | Ttotal | Status | Flags |
---|---|---|---|---|---|---|
r-devel-linux-x86_64-debian-clang | 1.1.0 | 2.18 | 50.68 | 52.86 | NOTE | |
r-devel-linux-x86_64-debian-gcc | 1.1.0 | 2.00 | 37.50 | 39.50 | NOTE | |
r-devel-linux-x86_64-fedora-clang | 1.1.0 | 64.87 | NOTE | |||
r-devel-linux-x86_64-fedora-gcc | 1.1.0 | 63.26 | NOTE | |||
r-devel-windows-x86_64 | 1.1.0 | 16.00 | 76.00 | 92.00 | NOTE | |
r-patched-linux-x86_64 | 1.1.0 | 1.62 | 50.43 | 52.05 | NOTE | |
r-release-linux-x86_64 | 1.1.0 | 2.56 | 48.67 | 51.23 | NOTE | |
r-release-macos-arm64 | 1.1.0 | 23.00 | NOTE | |||
r-release-macos-x86_64 | 1.1.0 | 29.00 | NOTE | |||
r-release-windows-x86_64 | 1.1.0 | 13.00 | 78.00 | 91.00 | NOTE | |
r-oldrel-macos-arm64 | 1.1.0 | 19.00 | NOTE | |||
r-oldrel-macos-x86_64 | 1.1.0 | 31.00 | NOTE | |||
r-oldrel-windows-ix86+x86_64 | 1.1.0 | 5.00 | 73.00 | 78.00 | NOTE |
Version: 1.1.0
Check: LazyData
Result: NOTE
'LazyData' is specified without a 'data' directory
Flavors: r-devel-linux-x86_64-debian-clang, r-devel-linux-x86_64-debian-gcc, r-devel-linux-x86_64-fedora-clang, r-devel-linux-x86_64-fedora-gcc, r-devel-windows-x86_64, r-patched-linux-x86_64, r-release-linux-x86_64, r-release-macos-arm64, r-release-macos-x86_64, r-release-windows-x86_64, r-oldrel-macos-arm64, r-oldrel-macos-x86_64, r-oldrel-windows-ix86+x86_64
Version: 1.1.0
Check: dependencies in R code
Result: NOTE
Namespace in Imports field not imported from: ‘rgdal’
All declared Imports should be used.
Flavors: r-devel-linux-x86_64-fedora-clang, r-devel-linux-x86_64-fedora-gcc, r-release-macos-arm64, r-release-macos-x86_64, r-oldrel-macos-arm64, r-oldrel-macos-x86_64