CRAN Package Check Results for Package fastlogranktest

Last updated on 2022-07-01 15:51:18 CEST.

Flavor Version Tinstall Tcheck Ttotal Status Flags
r-devel-linux-x86_64-debian-clang 0.2.1 24.31 31.22 55.53 NOTE
r-devel-linux-x86_64-debian-gcc 0.2.1 19.46 24.18 43.64 NOTE
r-devel-linux-x86_64-fedora-clang 0.2.1 87.24 NOTE
r-devel-linux-x86_64-fedora-gcc 0.2.1 78.94 NOTE
r-devel-windows-x86_64 0.2.1 61.00 75.00 136.00 NOTE
r-patched-linux-x86_64 0.2.1 21.03 29.72 50.75 NOTE
r-release-linux-x86_64 0.2.1 20.94 30.35 51.29 NOTE
r-release-macos-arm64 0.2.1 24.00 NOTE
r-release-macos-x86_64 0.2.1 34.00 NOTE
r-release-windows-x86_64 0.2.1 57.00 86.00 143.00 NOTE
r-oldrel-macos-arm64 0.2.1 28.00 NOTE
r-oldrel-macos-x86_64 0.2.1 41.00 NOTE
r-oldrel-windows-ix86+x86_64 0.2.1 63.00 77.00 140.00 NOTE

Check Details

Version: 0.2.1
Check: LazyData
Result: NOTE
     'LazyData' is specified without a 'data' directory
Flavors: r-devel-linux-x86_64-debian-clang, r-devel-linux-x86_64-debian-gcc, r-devel-linux-x86_64-fedora-clang, r-devel-linux-x86_64-fedora-gcc, r-devel-windows-x86_64, r-patched-linux-x86_64, r-release-linux-x86_64, r-release-macos-arm64, r-release-macos-x86_64, r-release-windows-x86_64, r-oldrel-macos-arm64, r-oldrel-macos-x86_64, r-oldrel-windows-ix86+x86_64