CRAN Package Check Results for Package fastglm

Last updated on 2022-10-07 15:52:55 CEST.

Flavor Version Tinstall Tcheck Ttotal Status Flags
r-devel-linux-x86_64-debian-clang 0.0.3 129.72 65.70 195.42 OK
r-devel-linux-x86_64-debian-gcc 0.0.3 109.38 55.06 164.44 OK
r-devel-linux-x86_64-fedora-clang 0.0.3 252.79 OK
r-devel-linux-x86_64-fedora-gcc 0.0.3 300.50 OK
r-devel-windows-x86_64 0.0.3 92.00 124.00 216.00 OK
r-patched-linux-x86_64 0.0.3 120.89 73.16 194.05 OK
r-release-linux-x86_64 0.0.3 132.59 73.28 205.87 OK
r-release-macos-arm64 0.0.3 105.00 NOTE
r-release-macos-x86_64 0.0.3 100.00 NOTE
r-release-windows-x86_64 0.0.3 106.00 131.00 237.00 OK
r-oldrel-macos-arm64 0.0.3 97.00 NOTE
r-oldrel-macos-x86_64 0.0.3 99.00 NOTE
r-oldrel-windows-ix86+x86_64 0.0.3 287.00 134.00 421.00 OK

Check Details

Version: 0.0.3
Check: installed package size
Result: NOTE
     installed size is 47.4Mb
     sub-directories of 1Mb or more:
     libs 47.2Mb
Flavors: r-release-macos-arm64, r-release-macos-x86_64, r-oldrel-macos-arm64, r-oldrel-macos-x86_64