CRAN Package Check Results for Package fastcpd

Last updated on 2024-06-13 03:49:17 CEST.

Flavor Version Tinstall Tcheck Ttotal Status Flags
r-devel-linux-x86_64-debian-clang 0.14.3 168.88 560.44 729.32 OK
r-devel-linux-x86_64-debian-gcc 0.14.3 1.83 1.91 3.74 ERROR
r-devel-linux-x86_64-fedora-clang 0.14.3 843.95 NOTE
r-devel-linux-x86_64-fedora-gcc 0.14.3 846.37 OK
r-devel-windows-x86_64 0.14.3 131.00 376.00 507.00 NOTE
r-patched-linux-x86_64 0.14.3 110.24 538.19 648.43 OK
r-release-linux-x86_64 0.14.3 122.97 524.91 647.88 OK
r-release-macos-arm64 0.14.3 224.00 NOTE
r-release-macos-x86_64 0.14.3 337.00 NOTE
r-release-windows-x86_64 0.14.3 141.00 317.00 458.00 NOTE
r-oldrel-macos-arm64 0.14.3 224.00 NOTE
r-oldrel-macos-x86_64 0.14.3 371.00 NOTE
r-oldrel-windows-x86_64 0.14.3 165.00 430.00 595.00 NOTE

Check Details

Version: 0.14.3
Check: package dependencies
Result: ERROR Packages required but not available: 'forecast', 'progress', 'RcppClock', 'testthat' Packages suggested but not available for checking: 'breakfast', 'dplyr', 'ggplot2', 'lubridate', 'RcppClock', 'reshape2', 'stepR', 'testthat', 'VARDetect' See section ‘The DESCRIPTION file’ in the ‘Writing R Extensions’ manual. Flavor: r-devel-linux-x86_64-debian-gcc

Version: 0.14.3
Check: installed package size
Result: NOTE installed size is 13.7Mb sub-directories of 1Mb or more: doc 9.2Mb help 1.8Mb libs 1.4Mb Flavors: r-devel-linux-x86_64-fedora-clang, r-devel-windows-x86_64, r-release-macos-arm64, r-release-macos-x86_64, r-release-windows-x86_64, r-oldrel-macos-arm64, r-oldrel-macos-x86_64, r-oldrel-windows-x86_64