CRAN Package Check Results for Package fastAdaboost

Last updated on 2020-11-28 03:52:35 CET.

Flavor Version Tinstall Tcheck Ttotal Status Flags
r-devel-linux-x86_64-debian-clang 1.0.0 56.99 34.43 91.42 OK
r-devel-linux-x86_64-debian-gcc 1.0.0 54.67 28.04 82.71 OK
r-devel-linux-x86_64-fedora-clang 1.0.0 113.45 NOTE
r-devel-linux-x86_64-fedora-gcc 1.0.0 91.42 NOTE
r-devel-windows-ix86+x86_64 1.0.0 103.00 79.00 182.00 OK
r-patched-linux-x86_64 1.0.0 84.20 33.08 117.28 OK
r-patched-solaris-x86 1.0.0 108.60 OK
r-release-linux-x86_64 1.0.0 83.00 32.36 115.36 OK
r-release-macos-x86_64 1.0.0 OK
r-release-windows-ix86+x86_64 1.0.0 107.00 65.00 172.00 OK
r-oldrel-macos-x86_64 1.0.0 OK
r-oldrel-windows-ix86+x86_64 1.0.0 95.00 73.00 168.00 OK

Additional issues

clang-UBSAN

Check Details

Version: 1.0.0
Check: compiled code
Result: NOTE
    File ‘fastAdaboost/libs/fastAdaboost.so’:
     Found no calls to: ‘R_registerRoutines’, ‘R_useDynamicSymbols’
    
    It is good practice to register native routines and to disable symbol
    search.
    
    See ‘Writing portable packages’ in the ‘Writing R Extensions’ manual.
Flavors: r-devel-linux-x86_64-fedora-clang, r-devel-linux-x86_64-fedora-gcc