Last updated on 2023-02-06 15:57:14 CET.
Flavor | Version | Tinstall | Tcheck | Ttotal | Status | Flags |
---|---|---|---|---|---|---|
r-devel-linux-x86_64-debian-clang | 0.2.30 | 7.23 | 61.55 | 68.78 | OK | |
r-devel-linux-x86_64-debian-gcc | 0.2.30 | 6.00 | 45.82 | 51.82 | OK | |
r-devel-linux-x86_64-fedora-clang | 0.2.30 | 80.42 | NOTE | |||
r-devel-linux-x86_64-fedora-gcc | 0.2.30 | 82.22 | NOTE | |||
r-devel-windows-x86_64 | 0.2.30 | 28.00 | 102.00 | 130.00 | OK | |
r-patched-linux-x86_64 | 0.2.30 | 6.64 | 58.74 | 65.38 | OK | |
r-release-linux-x86_64 | 0.2.30 | 6.28 | 58.85 | 65.13 | OK | |
r-release-macos-arm64 | 0.2.30 | 30.00 | OK | |||
r-release-macos-x86_64 | 0.2.30 | 45.00 | OK | |||
r-release-windows-x86_64 | 0.2.30 | 42.00 | 123.00 | 165.00 | OK | |
r-oldrel-macos-arm64 | 0.2.30 | 40.00 | OK | |||
r-oldrel-macos-x86_64 | 0.2.30 | 48.00 | OK | |||
r-oldrel-windows-ix86+x86_64 | 0.2.30 | 15.00 | 89.00 | 104.00 | OK |
Version: 0.2.30
Check: data for non-ASCII characters
Result: NOTE
Note: found 1430 marked UTF-8 strings
Flavors: r-devel-linux-x86_64-fedora-clang, r-devel-linux-x86_64-fedora-gcc