CRAN Package Check Results for Package farr

Last updated on 2024-06-14 15:54:01 CEST.

Flavor Version Tinstall Tcheck Ttotal Status Flags
r-devel-linux-x86_64-debian-clang 0.3.0 13.61 60.47 74.08 OK
r-devel-linux-x86_64-debian-gcc 0.3.0 11.38 45.25 56.63 OK
r-devel-linux-x86_64-fedora-clang 0.3.0 93.94 NOTE
r-devel-linux-x86_64-fedora-gcc 0.3.0 92.56 NOTE
r-devel-windows-x86_64 0.3.0 13.00 72.00 85.00 OK
r-patched-linux-x86_64 0.3.0 13.18 56.87 70.05 OK
r-release-linux-x86_64 0.3.0 10.46 59.29 69.75 OK
r-release-macos-arm64 0.3.0 35.00 OK
r-release-macos-x86_64 0.3.0 57.00 OK
r-release-windows-x86_64 0.3.0 15.00 71.00 86.00 OK
r-oldrel-macos-arm64 0.3.0 42.00 OK
r-oldrel-macos-x86_64 0.3.0 78.00 OK
r-oldrel-windows-x86_64 0.3.0 17.00 81.00 98.00 OK

Check Details

Version: 0.3.0
Check: data for non-ASCII characters
Result: NOTE Note: found 1430 marked UTF-8 strings Flavors: r-devel-linux-x86_64-fedora-clang, r-devel-linux-x86_64-fedora-gcc